ainder when 6457 is divided by 6220.
237
What is the remainder when 23697 is divided by 4669?
352
What is the remainder when 8873 is divided by 407?
326
What is the remainder when 1208 is divided by 16?
8
Calculate the remainder when 850666 is divided by 141774.
22
Calculate the remainder when 133033 is divided by 11.
10
What is the remainder when 34445 is divided by 13?
8
What is the remainder when 174463 is divided by 98?
23
What is the remainder when 1797 is divided by 370?
317
Calculate the remainder when 18011 is divided by 5903.
302
Calculate the remainder when 50395 is divided by 600.
595
What is the remainder when 6303 is divided by 2542?
1219
Calculate the remainder when 46500 is divided by 116.
100
What is the remainder when 3577 is divided by 885?
37
What is the remainder when 24307 is divided by 34?
31
What is the remainder when 3034 is divided by 26?
18
What is the remainder when 957 is divided by 52?
21
Calculate the remainder when 7035 is divided by 85.
65
What is the remainder when 25055 is divided by 34?
31
What is the remainder when 211733 is divided by 76?
73
What is the remainder when 12059 is divided by 1299?
368
What is the remainder when 5653 is divided by 4048?
1605
Calculate the remainder when 171443 is divided by 157.
156
What is the remainder when 637688 is divided by 256?
248
Calculate the remainder when 9214 is divided by 59.
10
What is the remainder when 547967 is divided by 96?
95
Calculate the remainder when 331825 is divided by 25524.
13
Calculate the remainder when 26551 is divided by 1021.
5
What is the remainder when 306919 is divided by 783?
766
Calculate the remainder when 9278 is divided by 186.
164
Calculate the remainder when 13498 is divided by 1134.
1024
Calculate the remainder when 1428 is divided by 755.
673
What is the remainder when 1489 is divided by 23?
17
Calculate the remainder when 67063 is divided by 17.
15
Calculate the remainder when 61419 is divided by 469.
449
What is the remainder when 1871 is divided by 80?
31
What is the remainder when 5599 is divided by 109?
40
What is the remainder when 3976 is divided by 166?
158
Calculate the remainder when 183446 is divided by 75.
71
What is the remainder when 1062799 is divided by 13?
10
What is the remainder when 1526 is divided by 585?
356
What is the remainder when 507612 is divided by 169202?
6
What is the remainder when 14121 is divided by 14029?
92
What is the remainder when 549 is divided by 482?
67
What is the remainder when 9062 is divided by 1130?
22
What is the remainder when 7518 is divided by 2?
0
Calculate the remainder when 19825 is divided by 9903.
19
Calculate the remainder when 20076 is divided by 4976.
172
What is the remainder when 1118 is divided by 828?
290
What is the remainder when 1372041 is divided by 137?
123
Calculate the remainder when 30832 is divided by 339.
322
What is the remainder when 284419 is divided by 154?
135
What is the remainder when 7179 is divided by 76?
35
Calculate the remainder when 87377 is divided by 101.
12
Calculate the remainder when 64809 is divided by 8.
1
Calculate the remainder when 7326 is divided by 241.
96
What is the remainder when 527 is divided by 61?
39
What is the remainder when 6909 is divided by 2167?
408
Calculate the remainder when 91669 is divided by 89.
88
Calculate the remainder when 727 is divided by 21.
13
Calculate the remainder when 1377 is divided by 208.
129
Calculate the remainder when 3812 is divided by 1269.
5
Calculate the remainder when 704594 is divided by 5.
4
What is the remainder when 298 is divided by 86?
40
What is the remainder when 16342 is divided by 68?
22
Calculate the remainder when 39524 is divided by 565.
539
Calculate the remainder when 52773 is divided by 467.
2
What is the remainder when 11744 is divided by 87?
86
Calculate the remainder when 6145 is divided by 6.
1
What is the remainder when 79743 is divided by 14?
13
What is the remainder when 38586 is divided by 350?
86
Calculate the remainder when 1480 is divided by 371.
367
Calculate the remainder when 9164 is divided by 916.
4
Calculate the remainder when 1909 is divided by 579.
172
What is the remainder when 24773 is divided by 8212?
137
What is the remainder when 30823 is divided by 71?
9
Calculate the remainder when 1057251 is divided by 352417.
0
Calculate the remainder when 1067757 is divided by 234.
15
What is the remainder when 22262 is divided by 3709?
8
What is the remainder when 74944 is divided by 24968?
40
Calculate the remainder when 810 is divided by 273.
264
What is the remainder when 27075 is divided by 8599?
1278
What is the remainder when 48230 is divided by 984?
14
What is the remainder when 194610 is divided by 39?
0
What is the remainder when 8090 is divided by 91?
82
Calculate the remainder when 722302 is divided by 48.
46
What is the remainder when 33586 is divided by 71?
3
What is the remainder when 1280 is divided by 238?
90
What is the remainder when 20167 is divided by 202?
169
What is the remainder when 75473 is divided by 44?
13
Calculate the remainder when 1514 is divided by 28.
2
Calculate the remainder when 2321735 is divided by 17.
11
What is the remainder when 9767 is divided by 18?
11
What is the remainder when 54135 is divided by 27034?
67
Calculate the remainder when 28835 is divided by 324.
323
What is the remainder when 2499 is divided by 5?
4
Calculate the remainder when 1665 is divided by 780.
105
Calculate the remainder when 116456 is divided by 485.
56
Calculate the remainder when 92624 is divided by 25.
24
What is the remainder when 46530 is divided by 25?
5
Calculate the remainder when 3157 is divided by 449.
14
Calculate the remainder when 2769 is divided by 1371.
27
Calculate the remainder when 705543 is divided by 3986.
21
What is the remainder when 942148 is divided by 56?
4
What is the remainder when 3548 is divided by 3539?
9
What is the remainder when 16391 is divided by 273?
11
What is the remainder when 13513 is divided by 5469?
2575
What is the remainder when 41397 is divided by 3178?
83
What is the remainder when 73970 is divided by 358?
222
What is the remainder when 457931 is divided by 457919?
12
What is the remainder when 44741 is divided by 333?
119
What is the remainder when 40406 is divided by 441?
275
Calculate the remainder when 1012435 is divided by 2136.
2107
What is the remainder when 50789 is divided by 10132?
129
What is the remainder when 520144 is divided by 666?
664
Calculate the remainder when 19239 is divided by 118.
5
Calculate the remainder when 140822 is divided by 15646.
8
Calculate the remainder when 11005 is divided by 102.
91
Calculate the remainder when 26660 is divided by 77.
18
Calculate the remainder when 13237 is divided by 82.
35
What is the remainder when 2155628 is divided by 71?
68
Calculate the remainder when 4790 is divided by 50.
40
Calculate the remainder when 2726 is divided by 1314.
98
What is the remainder when 30819 is divided by 23?
22
What is the remainder when 3644 is divided by 57?
53
Calculate the remainder when 18979 is divided by 111.
109
Calculate the remainder when 16172 is divided by 4039.
16
Calculate the remainder when 1715 is divided by 547.
74
What is the remainder when 533702 is divided by 374?
4
What is the remainder when 29043 is divided by 2427?
2346
What is the remainder when 8632 is divided by 254?
250
What is the remainder when 302080 is divided by 9?
4
What is the remainder when 11612 is divided by 446?
16
What is the remainder when 63776 is divided by 15?
11
What is the remainder when 1158 is divided by 578?
2
What is the remainder when 114070 is divided by 12?
10
Calculate the remainder when 11188 is divided by 2796.
4
What is the remainder when 7475 is divided by 36?
23
Calculate the remainder when 8203 is divided by 256.
11
Calculate the remainder when 238924 is divided by 19.
18
What is the remainder when 278623 is divided by 375?
373
What is the remainder when 121951 is divided by 62?
59
What is the remainder when 14724 is divided by 8?
4
Calculate the remainder when 12898 is divided by 50.
48
Calculate the remainder when 66334 is divided by 15.
4
Calculate the remainder when 218053 is divided by 121.
11
What is the remainder when 19403 is divided by 63?
62
What 